(-6) - 0?
3
Let u(o) = o**3 - 6*o**2 - 2*o + 5. Let m be u(5). What are the prime factors of m*(3 + (-22)/6)?
2, 5
Suppose 5*u + 6 - 26 = 0. Suppose u*y + q = 51, -y - q + 9 = 3*q. Suppose 8 = h - y. What are the prime factors of h?
3, 7
Let f(o) be the first derivative of -3*o**2/2 + 26*o - 3. Let l(s) = -2*s + 17. Let i(z) = 5*f(z) - 7*l(z). List the prime factors of i(8).
3
What are the prime factors of 628/(-30)*-5 + (-2)/(-6)?
3, 5, 7
Suppose 8*c - 1256 = -0*c. What are the prime factors of c?
157
Let v = 168 + -105. Suppose v = 3*l - 36. What are the prime factors of l?
3, 11
List the prime factors of 8 - (6 - (3 - -1)).
2, 3
Suppose 0 = 2*f - 2 - 0. Let i(m) = 44*m**3 + 2*m**2 - 2*m + 1. Let s be i(f). Suppose 2*o + o - s = 0. What are the prime factors of o?
3, 5
Let k(p) = -p**3 + 8*p**2 + 8. Let v be k(8). Suppose 5 + v = -5*b - 3*j, 5*j + 5 = 0. List the prime factors of (1 + b)/(3/(-12)).
2
Suppose 0 = -3*q + q + 8. Suppose -5*w - 83 = -4*j, q*w + 29 = j - 0*w. What are the prime factors of j?
17
Suppose -3*i + 2*i = -74. What are the prime factors of i?
2, 37
Let x(y) = -10*y**2. Let u be x(1). Let a = u - -14. Suppose a*i = t - 24, -4*i + 5*i + 15 = t. What are the prime factors of t?
2, 3
Let d = -32 - -54. What are the prime factors of d?
2, 11
What are the prime factors of (-1414)/(-10) - ((-240)/25 + 9)?
2, 71
Let j be (-16)/(-6) - (-14)/(-21). Suppose j*m = m + 4. What are the prime factors of m?
2
Let z(p) = 2*p + 15. Suppose x - 2*r - 2*r - 20 = 0, 0 = 5*x - r - 43. What are the prime factors of z(x)?
31
Suppose -1 = 2*u - 11. Suppose -24 = u*a - 104. List the prime factors of a.
2
Let u be -3 - -4 - (-126)/2. List the prime factors of (-6)/(-10) - u/(-10).
7
Suppose 5*t - 88 = -3*c, 5*c - 2*c + t - 104 = 0. What are the prime factors of ((-90)/c)/(2/(-4))?
5
Let r(b) = -60*b - 6. Let i(s) = 60*s + 7. Let l(w) = -5*i(w) - 6*r(w). List the prime factors of l(1).
61
Suppose 0 = -3*i + 9 + 9. Let w(u) = u**2 - 5*u - 3. Let b be w(i). Suppose j + 22 = b*j. What are the prime factors of j?
11
Let v = 132 - 12. Let o be (-42)/15*(1 - 11). List the prime factors of 2/(-7) + v/o.
2
What are the prime factors of 20/(-2)*(-462)/55?
2, 3, 7
Let m(h) = -7*h - 9. What are the prime factors of m(-3)?
2, 3
List the prime factors of (16/12 + 2)*12*1.
2, 5
Let o be 6*(1 + (-2)/(-6)). Suppose 3*s + s - o = -2*u, s - 8 = -2*u. List the prime factors of u.
2
Suppose -5*k + 96 = -144. What are the prime factors of k?
2, 3
Let m be 2 - (-2 - (0 + 2)). Let i(o) = -5*o**2 + 6*o - 6*o + o**3 - 6*o + 3. What are the prime factors of i(m)?
3
Let z = -3 - -56. Suppose -n - f - 18 = 0, f + z = -3*n - f. Let u = -10 - n. List the prime factors of u.
7
Let j = -1 + 1. Suppose j = 4*l - 0*l - 12. Suppose -l*b = -p - 0*b + 1, 4*b - 1 = p. List the prime factors of p.
7
Suppose 2*m - 18 = 2*k, -m = 3*k - 2*m + 21. Let t be 49/2 - 3/k. Let h = t + -16. List the prime factors of h.
3
Let y = 17 - -22. What are the prime factors of y?
3, 13
Suppose 0 = -4*j + 22 + 6. Let b be ((-12)/2 + 2)*-1. Let a = j - b. What are the prime factors of a?
3
Let j = 128 + -60. What are the prime factors of j?
2, 17
Let q = 234 - -10. List the prime factors of q.
2, 61
Let y = 367 + -104. List the prime factors of y.
263
Suppose -2*a + 338 = 4*u, -3*u + 686 = 4*a - 0*u. List the prime factors of a.
173
What are the prime factors of (30*2 - 4) + 1?
3, 19
Let y(n) = -n**3 + 6*n**2 - 4. What are the prime factors of y(5)?
3, 7
What are the prime factors of 98/3 - (-2)/6?
3, 11
Suppose 3*r = -4*h + 1, -5*r + 28 - 3 = -5*h. List the prime factors of (2/(-3))/(h/69).
23
Suppose -140 = -2*z - 3*z. Suppose 0 = 4*f - 0*f - z. List the prime factors of f.
7
Suppose -f = -5*f + 2*o + 150, f - 41 = 4*o. What are the prime factors of f?
37
Let r = 1 - -1. Suppose -r*o + 5 = -3. What are the prime factors of o?
2
List the prime factors of 4193/42 - 1/(-6).
2, 5
Suppose t - 15 - 33 = 0. Suppose -3*a + 105 + t = 4*n, a + 5 = 0. List the prime factors of n.
2, 3, 7
Suppose 4*l - 13 = 127. Let z = -1 - -1. Suppose -2*w + 3*r = -0*r - l, z = 3*w - 2*r - 40. List the prime factors of w.
2, 5
What are the prime factors of (-3426)/(-18) + 4/6?
191
Suppose 3*d + 20 = -k, 13 + 2 = -2*d + k. Let h = 13 + d. Suppose h*i - 55 = i. List the prime factors of i.
11
Let z(m) = 6 - m**3 + 0 - 1 + 6*m - 6*m**2 - 1. What are the prime factors of z(-7)?
11
Suppose -15 = 3*d, 3*m - 3*d - 2*d = 28. Let g be m + 3 + 2 + -5. List the prime factors of (g/(-2))/((-4)/136).
17
Let t(i) = 3 + 2 - 7*i - 2. Let v be t(-3). Suppose -16 = -4*q + v. What are the prime factors of q?
2, 5
Suppose -5*t = -t - 36. List the prime factors of t.
3
Let c be (-2)/(-4)*2*19. Let b = -13 + c. What are the prime factors of b?
2, 3
Suppose -5*r + 3*s + 29 = -24, -20 = -5*s. List the prime factors of r.
13
Suppose -2*y = 2*y - 3*h - 110, 3*h = -6. List the prime factors of y.
2, 13
Suppose 0*i + i - 39 = 0. What are the prime factors of i?
3, 13
Let l(g) = -g**3 - 8*g**2 - 8*g + 2. Suppose -f = -5*i - 22, 2*i = -i. Suppose 13 + f = -5*z. List the prime factors of l(z).
3
What are the prime factors of 171 - (6 - 4) - -5?
2, 3, 29
Suppose 56 = -3*m - 7. Let o = -8 - m. List the prime factors of o.
13
Let w(q) = -9*q - 11. List the prime factors of w(-8).
61
Let m(j) = j**2 + 6*j - 3. Let y(s) = -s - 3. Let a be y(4). Let c be m(a). Suppose u + k - 4 = 17, -c*k + 68 = 3*u. What are the prime factors of u?
2
Let o(x) = -10*x**3 - 2*x + 2. List the prime factors of o(-2).
2, 43
Let x(r) be the first derivative of r**6/360 + 13*r**4/24 - 2*r**3/3 - 1. Let l(w) be the third derivative of x(w). List the prime factors of l(0).
13
Let g = -26 - -60. Suppose w = -2*w + 2*c + 26, 2*c = 4*w - g. List the prime factors of w.
2
Let b = -4 - -10. Let i(n) = n**2 - 2*n + 8. List the prime factors of i(b).
2
Let x = 10 - -12. List the prime factors of x.
2, 11
Let k(l) = l. Let a(m) = -m**2 + 7*m + 10. Let t be 3/(-6)*4*-4. Let p be a(t). List the prime factors of k(p).
2
Suppose z = -3*w - 10, 5*z + 0*w - 6 = -w. Let c = 60 - 2. List the prime factors of c/6 + z/(-3).
3
Suppose 4*o - 12 = -4*g, -2*o = -2*g + 2*o + 18. Suppose -g*s + 2*s = 183. List the prime factors of s/(-4) + 3/(-12).
3, 5
Suppose 8 + 7 = 3*f + 3*l, -f + 5*l - 7 = 0. Suppose -41 = -2*a - f*d, -a = 5*d - 11 - 6. Suppose -a - 23 = -5*n. List the prime factors of n.
3
Let m be ((-4)/(-5))/(6/15). Suppose 0 = -m*x - 0 + 10. Suppose 6*u - 4 = x*u. What are the prime factors of u?
2
Let j(f) = -6*f**3 - 2. Let r = 12 - 14. List the prime factors of j(r).
2, 23
Let m(q) be the second derivative of q**5/30 - q**4/12 + q**3/3 - q**2/2 - 5*q. Let o(s) be the first derivative of m(s). What are the prime factors of o(3)?
2, 7
Suppose 4*i - 3*b + 8 = 0, -8*b = -2*i - 4*b + 6. List the prime factors of i/10 - 126/(-4).
31
Let g(m) = m + 9. Suppose -4*j = -i + j + 3, 3*i = -4*j + 9. Let h = -3 + i. What are the prime factors of g(h)?
3
Let n(s) = s**3 - 7*s**2 + 5. Let j be n(7). Let w = 23 + j. What are the prime factors of w?
2, 7
Let f = -1 + 4. Let j be 1 + -1 + 2 + 2. Let z = j + f. What are the prime factors of z?
7
What are the prime factors of (-3 - 0) + (5 - -6)?
2
Suppose -24 = -5*v + 4*o, 4*v + 3*o + 0*o = 13. Suppose -2*l = v*t, -t - 2*t = l. Suppose l = -h + 4 + 5. List the prime factors of h.
3
Let r(y) = -4*y**3 - 4*y**2 - y + 39. Let i(o) = -11*o**3 - 11*o**2 - 3*o + 117. Let m(s) = 3*i(s) - 8*r(s). What are the prime factors of m(0)?
3, 13
Let z(y) = y**2 + 3*y - 3. Let h be z(3). Let t be 3/12 + h/4. Suppose t*f - 24 = -4*c, -4*f - 3*c + 23 = -0*c. What are the prime factors of f?
5
List the prime factors of -4 - 1895/(-7) - 2/(-7).
3, 89
Let q be 3 + 0 - (8 - 8). Suppose 5*v = q*x - 23, 0*x = -2*x + v + 20. What are the prime factors of x?
11
Suppose 2*g + 0 = 4, 2*g = -c. Let y = c + 2. List the prime factors of (2 - -4)/(y + 3).
2, 3
Let h(k) = k**2 + 2*k - 3. Let w be h(-3). Suppose -o + c - 18 = -5, 0 = -2*c + 10. Let j = w - o. List the prime factors of j.
2
Let j(m) = 2*m**2 + 7*m + 5. Let p be (2 - 1)*-2 + -3. List the prime factors of j(p).
2, 5
Let w = 16 - 13. List the prime factors of w.
3
Let b(c) be the first derivative of c**3/3 - 3*c**2/2 - c + 2. What are the 